et x be h(29). Let j(f) = 8*f**3 - 2*f**2 + 2*f. Calculate j(x).
60
Let q(a) = 2*a + 6. Suppose -589 = -3*t - 2*t - 2*w, 3*w = -3*t + 357. Suppose -108*f = -117*f + t. Calculate q(f).
32
Let q(z) = -328 - 14*z - 45*z + 297 - 260 - 826. What is q(-19)?
4
Let k(g) = -g**2 - 2. Let m(o) = -9*o**2 - 6*o - 14. Let q(a) = 2*k(a) - m(a). Let j(t) = 9*t**2 + 7*t + 10. Let z(c) = 4*j(c) - 5*q(c). What is z(7)?
25
Suppose 3*i + 14 = -4*d, 2*i - 19 = d + 2*d. Suppose 4*l = 14 - i. Let s(k) be the second derivative of -k**4/6 + k**3/6 + k**2/2 - 271*k. What is s(l)?
-14
Suppose 43 = 3*a + 2*w, 0 = -2*w + 3 + 7. Suppose -28*t + a = -17. Let b(f) = 8*f**2 - f - 1. What is b(t)?
6
Let x(o) = -o**3 - 5*o + 6. Let s be (24 - 26)/(3*6/(-9)). What is x(s)?
0
Let a = 121 - 115. Let v(x) be the first derivative of x**4/24 - x**3/3 - 3*x**2 + 7. Let m(i) be the second derivative of v(i). What is m(a)?
4
Let a(x) = -20*x - 117. Let f(b) = -b**3 - 7*b**2 - 8*b - 18. Let y be f(-6). Give a(y).
3
Let w(a) = 4*a + 31. Let l be w(-7). Suppose -2*i + 3*n = -2*n - 20, l*i + n = -4. Let r be (-1 + i)/(4/28). Let z(m) = -2*m - 9. Calculate z(r).
5
Let u(a) = -a**3 - 7*a**2 + 7*a - 11. Let s be (4 + -7)*7 - -3. Let v be (-96)/(-4)*6/s. Determine u(v).
-3
Let g(d) = -4*d**2 + 4*d + 1. Suppose 1479 - 1485 = 3*p. Determine g(p).
-23
Let j(l) = -2 + 6*l - 5*l + 3*l. Suppose 5*q = 5*m, 2*m - 5*q = m - 12. Suppose 5 = -5*a + 4*o, -m*o + 5 + 10 = 0. What is j(a)?
10
Let c be -3*378/81 - -13. Let k(d) = 12*d**2 + 6*d + 1. What is k(c)?
7
Let z(t) = -t**3 - 7*t**2 + t - 6. Suppose -f - 24 = -29. Suppose f*y + 29 = 3*g, -5*y + 6*g - 7*g - 37 = 0. Give z(y).
-13
Let m(g) = 3*g**2 + 13*g + 26. Let a = -37843 + 37836. Give m(a).
82
Let v(g) = 1710142 - 1710142 - 6*g. What is v(2)?
-12
Let y(i) = -7*i**3 + 2*i - 2. Let x be y(2). Let a = -57 - x. Let t be -10 - a*8/6. Let h(m) = -m**3 - 7*m**2 - 6*m - 2. What is h(t)?
-2
Let o(q) = q**3 + 52*q**2 - 108*q + 13. Let w be o(-54). Let t(n) = -11*n + 119. What is t(w)?
-24
Let y(h) = 14*h - 413. Let a be y(27). Let s be -39 - 0/(2 + 0). Let x = s - a. Let r(t) = 7*t + 5. Give r(x).
-23
Let w(s) be the second derivative of s**5/20 + s**4/6 + s**3/6 - 5*s**2 + s - 4249. Give w(2).
8
Let m(b) = 11*b - 161. Suppose 162*h - 1479 = 951. Give m(h).
4
Let t(h) = 11847*h - 31 - 11835*h - 11 - 17. Give t(10).
61
Let m = 199 - 196. Let k(w) = w**3 + m*w**2 + 86 + 7*w**2 - 76 - 6*w - 2*w**2. Determine k(-9).
-17
Let c(p) be the first derivative of -p**3/3 - p**2/2 + p - 117. Let n(b) = b + 7. Let r be n(-4). What is c(r)?
-11
Let g(y) = -13*y - 1. Suppose -v = 3, 0*x = 2*x - 4*v - 26. Let z be 6/(-2 + (0 - -1)) + x. What is g(z)?
-14
Let d(a) = 3*a - 3. Let b(x) = -3*x + 2. Suppose -13 - 32 = 9*t. Let p(y) = t*b(y) - 4*d(y). Let q(l) = -l - 1. Let j(f) = 2*p(f) + 5*q(f). What is j(-1)?
-2
Let x be (-3227)/(-21) - 3/(-9). Suppose -14*j = -112 - x. Suppose 12*p + 14 = j*p. Let t(g) = 4*g - 1. Determine t(p).
7
Let b(r) be the second derivative of 27*r**5/20 + r**4/12 + r**3/6 - r**2 - 2*r + 8819. Give b(1).
27
Let v(b) = 3*b - 2. Let a(i) = 15*i - 214. Let s be a(14). Let r be (-247)/39 - (16/12)/s. Determine v(r).
-20
Suppose -16 = -25*h + 84. Let v(a) = -126*a - 3 + 4 + 116*a. Calculate v(h).
-39
Let o(g) be the third derivative of 0*g - 10 - 1/24*g**4 + g**3 - 7*g**2. Calculate o(-5).
11
Let o(r) be the first derivative of -2*r**3/3 - 15*r**2/2 + 29*r - 4097. What is o(2)?
-9
Let a(q) = 2*q**3 + 3*q**2 - q + 19. Let o(r) = 5*r**3 + 9*r**2 - 5*r + 53. Let d(k) = -8*a(k) + 3*o(k). Determine d(2).
-3
Suppose 0 = -4*a + 2*t - 5*t, t = -a - 1. Let v(f) = a + 24*f - f**2 - 21*f + 0. What is v(5)?
-7
Let z(k) = k**3 + 3*k**2 - k + 9. Let a be z(3). Let j(s) = 62 - s + 2*s - a. Calculate j(-2).
0
Let j(u) = -u**3 - 10*u**2 + 11*u + 8. Let g(d) = -2*d**2 + 44*d + 4. Let x be g(22). Suppose 6 = -f + n - 10, x*f - n + 49 = 0. Give j(f).
8
Let l(k) = 2*k**2 + 1. Let o(z) = 2*z**3 + 78*z**2 - z - 38. Let n be o(-39). Let y be (6 - 4) + (-1)/n. Determine l(y).
3
Let h(l) = 2*l + 6. Suppose 0 = -13*f + 9*f + 8. Suppose 4*m = 5*y + 1, 4*m - y = f*y - 9. Calculate h(m).
-6
Let q = 220 - 218. Let i(l) = 9*l - l**3 + 287*l**2 + 3 - 2 - 295*l**q. Determine i(-9).
1
Suppose -f = -c + 41, 2*f = 7*f. Let d = 41 - c. Suppose 3*b - 4*b - 8 = d. Let q(l) = l. Give q(b).
-8
Let z(k) = k - 7. Let n = 15 - 3. Let x = 7 - n. Calculate z(x).
-12
Let h(u) = -4*u**2 - 2*u + 1. Suppose -114*a = -111*a. Suppose a = 3*k + 3*z + 9, k - 8 = 5*k + 3*z. What is h(k)?
-5
Let o(z) = 2*z + 3. Suppose 13*j = -6*j - 171. Let n be -2 - ((-2)/j - (-559)/117). What is o(n)?
-11
Suppose 3*l = 3*b + 15, -41*b + 40*b = l - 3. Let t(q) = 48*q**3 + q**2 + q + 1. Calculate t(b).
-47
Suppose 2*i + 3*u = 0, -18*u + 6 = 4*i - 15*u. Let z(c) = i + 2 + 0*c - 10*c + 19*c. Determine z(-4).
-31
Let a(j) = -1 + 0 + 8 + 2 + j**2 - 7*j + 5. Give a(7).
14
Let r(k) = -3*k + 6. Let p(f) = -2*f + 20. Let i be p(14). Let t(h) = h + 17. Let q be t(i). Let u = q - 4. Calculate r(u).
-9
Let v be -1 + -13*84/(-182). Let b(o) be the first derivative of v*o - 14 + 1/2*o**2. Determine b(-7).
-2
Suppose -93 + 17 = -5*v - 4*y, y = 5*v - 56. Let u be (3/3)/((-3)/v). Let a(m) be the second derivative of -m**3/2 + 619*m. Determine a(u).
12
Let m(b) = 4*b**3 - 6*b + 7. Let l be m(1). Suppose l*h - 8*o + 4*o = 36, -2*h = 2*o. Let y(k) = k**3 - 6*k**2 + 5*k + 4. Determine y(h).
-8
Let j(b) be the second derivative of -186*b + 0 + 1/4*b**4 - b**2 - 1/6*b**3. Determine j(2).
8
Let l be 0 - (-4 + (-12)/3). Let o(c) = -c**3 + 8*c**2 + c - 5. Let w(v) = 3*v**3 - 23*v**2 - 3*v + 15. Let g(r) = l*o(r) + 3*w(r). Calculate g(5).
0
Let j(i) = i**3 - 3*i**2 + 2*i. Let t(p) = -3*p**3 + 47*p**2 - p + 206. Let x(b) = -b**3 + 16*b**2 + 69. Let c(w) = 6*t(w) - 17*x(w). Let u be c(10). Give j(u).
6
Let f(u) = 2*u + 6 + 59*u + 114*u - 36 - 12 + 4*u**2. What is f(-44)?
2
Suppose 0 = 3*u - 0*u + 21. Suppose k - 3*l = 471, 2*k + 0*k + 3*l = 915. Let p(c) = 456*c**2 - c**3 + 8*c - k*c**2 - 4 + 3. What is p(u)?
-8
Suppose -4*m = -25*d + 201, 4*d = 4*m - d + 101. Let k(n) = -n**2 - 18*n + 24. Calculate k(m).
5
Let j(k) = 65*k - 25 + 5993*k**2 - 49*k - 5994*k**2. Give j(10).
35
Let y(s) = -s + 1. Suppose -3*z - 1 = 2. Let b be 18 - (-2 + 8 + z + -3). Let k = b - 12. Calculate y(k).
-3
Let z be 6/(-4)*(-70)/(-105) + (7 - 12). Let j(n) = -3*n**3 + 10*n**2 - 8*n. Let c(m) = 5*m**3 - 19*m**2 + 15*m. Let r(i) = 4*c(i) + 7*j(i). Give r(z).
-24
Let y(k) = -2*k + 7. Let d(r) = r**2 - 22*r - 320. Let t be d(-10). Give y(t).
7
Let v(h) = -h**2 + 23*h + 21. Let z be 48/36*198/12. What is v(z)?
43
Let a(f) = f**3 - 9*f**2 + 10*f - 14. Let o be a(8). Suppose o*p + 2*p - 4 = 0. Suppose 0 = 4*h + 4*d, -2*h - 3 + p = 3*d. Let w(k) = 2*k + 2. Determine w(h).
6
Let g be 0 - (7 + -4 + -21). Suppose -3*m - g = 5*j - 2*j, -4*j = 0. Let c(d) = 2*d - 18. Let i(t) = t - 1. Let f(u) = c(u) - 4*i(u). Determine f(m).
-2
Let p(y) = -y**2 + 8*y - 34. Let z = 14218 + -14212. Give p(z).
-22
Let i be ((-15)/((-360)/(-32)))/(12/(-27)). Suppose 100*s - i = 103*s. Let b(z) = 4*z**2 + 2*z + 1. Give b(s).
3
Suppose -4*d + 5 = -3*k - 2*d, 2*k + 4*d - 18 = 0. Let b(v) = -50*v**3 - 2*v + 22*v**3 - k + 2*v**2 + 19*v**3 + 13*v**3. Give b(-2).
-21
Let n(j) = 12*j + 106. Let g be 1/((-3)/2)*(239 - 227). Calculate n(g).
10
Let w(h) = -18 + 16 - 34*h + 44*h. What is w(1)?
8
Suppose 3*d = -41*j + 39*j - 21, 2*j = -d - 19. Let y(i) be the third derivative of i**5/60 + 3*i**4/8 - i**3 + i**2. What is y(j)?
-6
Let s be (7 - 7)/(0 - -12). Let r(d) be the second derivative of 3/2*d**2 + 13*d + s - 4/3*d**3. Give r(-3).
27
Let r(g) be the third derivative of -7/12*g**4 - 5/6*g**3 + 0*g - 1/120*g**6 + 18*g**2 - 2 - 2/15*g**5. Calculate r(-6).
7
Let h(f) = 3*f**2 + f**2 + 13297 + f**2 + 6*f**2 - f**3 + 18*f - 13298. Calculate h(13).
-105
Let k(m) = -39*m**3 - 2*m**2 + m. Let x be (-5)/(-2) - ((-75)/10)/15. Let g be x*-4*(-4)/48. Determine k(g).
-40
Let o(i) be the second derivative of 1/2*i**2 + 0 - 1/3*i**3 + 0*i**4 + 1/20*i**5 + 7*i. Let h = 47 + -46. Calculate o(h).
0
Let i(f) = 7*f - 39. Let y(a) = -3*a + 20. Let u = -61 - -63. Let h(r) = u*i(r) + 5*y(r). What is h(0)?
22
Let w = -2821 + 2823. Suppose 4*f = 